pose 5*j - d = 299, 0*j + 3*d = -j + 47. What is the remainder when j is divided by 1/(-2) + (-31)/(-2)?
14
Suppose -3*g = -4*y - 73, g + 3*y - 3 = 4. Let p = g - 36. Calculate the remainder when 35 is divided by (p - 1)*1/(-2).
8
Suppose -26*n = -31*n + 835. Let l(y) = 8 - 188*y + n*y + 1. Calculate the remainder when l(-5) is divided by 29.
27
Suppose -21*k + 3886 = 37*k. What is the remainder when 82 is divided by k?
15
Suppose 3*t - 61 = -4*z, -17*t + 12*t - 5*z = -95. What is the remainder when 63/105 + 3411/t is divided by 29?
25
What is the remainder when 23/(-23)*1309/(-7) is divided by 19?
16
What is the remainder when 1306 is divided by 1/2*(-15)/((-75)/1010)*1?
94
Let l(z) = z**2 + 19*z - 38. Let n be l(-17). Let a = -161 - n. Let d = 130 + a. What is the remainder when d is divided by 7?
6
Suppose -4*h + 44 + 36 = 4*r, 2*r = 2*h - 56. Suppose u + 65 = 3*t + 4, -2*t = -4*u - 34. Calculate the remainder when h is divided by t.
3
Let h(v) = -v**3 + 6*v**2 + 5*v + 5. Suppose 0 = -569*a + 143*a + 8094. Calculate the remainder when h(6) is divided by a.
16
Let r = -56981 - -56994. Suppose 35 = 3*g - 61. Calculate the remainder when g is divided by r.
6
Let s = 107 + -108. Suppose 0 = -4*z - z + 140. Calculate the remainder when z is divided by (s/2)/(12/(-240)).
8
Suppose -4*g = 2*s - 244, s + 94 = -5*g + 402. Suppose 912 = -50*a + g*a. What is the remainder when 300 is divided by a?
72
Suppose 21*i - 23280 = -4317. Calculate the remainder when i is divided by 62.
35
Let w = -11059 + 11275. What is the remainder when 652 is divided by w?
4
Suppose -918 = -2*y - 2*a + 1192, 0 = -2*y + 2*a + 2086. Calculate the remainder when y is divided by 71.
55
Suppose -4*w = 6 - 230. Suppose 37*x = 14*x - 27*x + 850. What is the remainder when w is divided by x?
5
Suppose 4*g - 3*b = 4 + 10, 0 = -g - b. Let r = 323 + -327. Calculate the remainder when 16 is divided by r*(0 - 1) - g.
0
Suppose 28*x + 11710 = 6. Let g = 439 + x. Calculate the remainder when 39 is divided by g.
18
Let i(c) = 2*c**2 + 29*c - 6. Let q be i(-16). Let k = -16 - 8. Let j = k + q. What is the remainder when 53 is divided by j?
17
Let v = 145 + -89. Let s be (-6)/(-14) + 32175/(-105). Let b = -287 - s. Calculate the remainder when v is divided by b.
18
Calculate the remainder when 1499 is divided by (-2*1)/(12 - 14)*(51 + -4).
42
Suppose 19 = 7*r - 23. Suppose -4*u = -r*u + 34. Let b(c) = -c**3 + 16*c**2 + 17*c + 9. What is the remainder when 16 is divided by b(u)?
7
What is the remainder when 748 is divided by ((-1)/(-14))/((-47)/(-70406))?
106
Let b(d) be the second derivative of d**4/3 - 4*d**3/3 - d**2/2 - 17*d. Let c be b(5). Let n = c + -52. What is the remainder when 27 is divided by n?
6
Let l(q) = -182*q - 37 - 4 + 357*q - 182*q. Calculate the remainder when l(-13) is divided by 4.
2
Let a(r) = 26*r**3 - 4*r**2 - 7*r + 3. Let p be a(-2). Let h = p + 315. Calculate the remainder when h is divided by 37.
34
Let k be (6/(-4))/(-1*(-1)/(-16)). Suppose 11*x - 4*u = 13*x - k, 4*x - 33 = -3*u. What is the remainder when 11 is divided by x?
5
Let n(o) = o**3 + 4*o**2 - 5*o + 13. Let r be n(-5). Suppose 11 = -2*a + r. Calculate the remainder when 5 is divided by a.
0
Suppose -4*o = -5*h - 6*o + 2241, 0 = -3*o - 6. What is the remainder when h is divided by 156?
137
Let b be ((-12)/(-5))/((-6)/(-40)). Suppose b*n = 20*n - 116. Suppose -6*p + 44 = -2*p + 2*o, 0 = p + o - 10. Calculate the remainder when n is divided by p.
5
Suppose -39 + 19 = -5*k. Let s(p) = -p**3 + 9*p**2 - 21*p + 7. Calculate the remainder when 21 is divided by s(k).
0
Let i(d) = 80*d**2 - 1. Suppose 889*m - 888*m - 18 = -2*p, 2*p = -4*m + 30. What is the remainder when i(2) is divided by p?
4
What is the remainder when (-3187)/(-1)*14/28*(-12)/(-6) is divided by 23?
13
Let q be 4/42 + 10057/21. Let r = -441 + q. What is the remainder when 530 is divided by r?
36
Let t(o) = 10*o - 104. Let z(f) = f**3 - 16*f**2 + 2*f - 14. Let v be z(16). Calculate the remainder when t(v) is divided by 40.
36
Let s be (16/18)/(52/234). Suppose -s*y = -7*y + 4*q + 95, y - q = 32. Let p = -154 + 219. Calculate the remainder when p is divided by y.
32
Let a(x) = 14*x - 89. Let o be a(7). Suppose f - 4 = o. What is the remainder when 245 is divided by f?
11
Let q = -19 + 25. Suppose -1506 = -3*w - q. Suppose -m - w = -11*m. Calculate the remainder when m is divided by 26.
24
Calculate the remainder when 27 is divided by ((-979)/66 - 3/18)/(-3).
2
What is the remainder when 8558 is divided by 23 + -1 + -2*(36 + -33)?
14
Suppose 32 = 10*r + 592. Let z = r + 190. Calculate the remainder when z is divided by 8.
6
Let l = 3245 + -3225. Calculate the remainder when 204 is divided by l.
4
Suppose 4*m - y - 1451 = 0, -9*y = -5*m - 4*y + 1825. Calculate the remainder when m is divided by 15.
2
Let m(j) = 2*j**2 + 15*j + 44. Let f(v) = 3*v + 6. Let r be f(-4). What is the remainder when m(r) is divided by 15?
11
Let d be (-10726)/(-10) + 62/155. Suppose -9*r + d = -376. What is the remainder when r is divided by 9?
8
Let i(f) = -2*f**3 - 17*f**2 - 6*f + 134. What is the remainder when i(-9) is divided by 28?
17
What is the remainder when 850 is divided by (-4 - (-2 + 7)) + (-8 - -182)?
25
Let z = -118 + 148. Suppose -9*j - z = -14*j. What is the remainder when 21 is divided by j?
3
Calculate the remainder when (10/(-10))/((-4)/1052) is divided by (-1)/((-1)/66*2).
32
Let t(h) = h**3 + 10*h**2 + 186*h + 1449. Calculate the remainder when 271 is divided by t(-8).
4
Let w(l) = 29*l + 5332. Calculate the remainder when w(-156) is divided by 203.
199
Let k(d) = 97*d - 61. Calculate the remainder when k(2) is divided by 9/(-12)*-1 - 195/(-12).
14
Let h(u) = 42*u**3 - 7*u**2 + 12*u - 2. Let y be h(5). Suppose -49*r = 331 - y. What is the remainder when r is divided by 20?
18
Let z = -280 + 380. Suppose u = -3*f + 50 - 3, -2*u = 3*f - z. Calculate the remainder when 366 is divided by u.
48
Let b(m) = -11*m**3 - 15*m**2 - 19*m - 49. What is the remainder when 1502 is divided by b(-4)?
29
Let n(j) = 7 - 6*j - 4*j**2 + j**3 + j + 4*j. Let k be n(4). Calculate the remainder when 19 is divided by (0 + -1)*(k - (-2 - -16)).
8
Let g(c) = -2*c**3 - 13*c**2 - 11*c + 57. What is the remainder when g(-13) is divided by 160?
157
Calculate the remainder when 17 - 6/6 - -2265 is divided by 254.
249
Let r = -21572 - -22676. What is the remainder when r is divided by 14?
12
Suppose 2*d + 602*j - 154 = 606*j, -321 = -4*d - 5*j. Calculate the remainder when 283 is divided by d.
46
Calculate the remainder when -5 + 9*41854/153 is divided by 12.
9
Calculate the remainder when 16 + 875644/33 - (-40)/12 is divided by 12.
10
Suppose -5*q + 4*a + 57 = 0, -4*q - 6*a + 2*a + 24 = 0. Let f be (244*3/3)/(46/69). Let t = -324 + f. What is the remainder when t is divided by q?
6
Let r = 17 + -10. Let p(y) = y**3 - 7*y**2 + 2*y - 3. Suppose 198 = 2*w + 2*s, 0 = 3*w - 3*s - s - 283. Calculate the remainder when w is divided by p(r).
9
Suppose -126*r + 601 = -28757. What is the remainder when r is divided by 10?
3
Suppose -6*w = 14 - 190 - 376. What is the remainder when 541 is divided by w?
81
Suppose v = -5*t - 2, 4*v - 14 - 2 = 4*t. Calculate the remainder when 15 is divided by v + ((-5)/(15/(-18)))/2.
3
Suppose 12*b = 327 + 93. Suppose 132 = 4*v - 2*u, -b - 19 = -2*v - 2*u. Calculate the remainder when 92 is divided by v.
30
Let g = 15 - -4. Let x(u) = 2*u**2 - u - 6. Let q be x(3). What is the remainder when 12/q*(-1095)/(-20) is divided by g?
16
Let n = 341 - 266. What is the remainder when 338 is divided by n?
38
Suppose -5*b = -4*t + 664, -t + 5*t = -4*b + 664. Let c = t - 162. What is the remainder when c is divided by 1?
0
Let p = -19754 + 19774. Let h(s) = 36*s - 2. Calculate the remainder when h(5) is divided by p.
18
Let b be (-888)/(-108) + 4/(-18). Suppose 0 = 2*t - 6*t + b. Calculate the remainder when (-3 - -121) + -5 + t is divided by 17.
13
Suppose 0*l - l = -2*y + 79, 120 = 3*y - 3*l. Suppose -127*m - 67249 = -88712. What is the remainder when m is divided by y?
13
Let i be (-15)/(-2)*(-52)/3. Let y = -16328 + 16454. Calculate the remainder when y is divided by (i/(-15))/((-2)/(-6)).
22
Suppose 307 = 8*o - 1237. Calculate the remainder when o is divided by